818?
2, 3, 7, 47, 4001
List the prime factors of 239997991.
239997991
List the prime factors of 261235729.
31, 47, 193, 929
What are the prime factors of 51400989?
3, 1117, 5113
List the prime factors of 12256608.
2, 3, 7, 13, 23, 61
List the prime factors of 831315924.
2, 3, 2069, 11161
List the prime factors of 208807384.
2, 3121, 8363
List the prime factors of 190782820.
2, 5, 9539141
What are the prime factors of 241528741?
17, 19, 379, 1973
What are the prime factors of 115648866?
2, 3, 6424937
List the prime factors of 16816090.
2, 5, 193, 8713
What are the prime factors of 13860437?
73, 181, 1049
List the prime factors of 888837262.
2, 43, 2437, 4241
List the prime factors of 1022639789.
29, 647, 54503
List the prime factors of 72170213.
79, 653, 1399
List the prime factors of 4731302.
2, 47, 50333
List the prime factors of 103615707.
3, 13, 2656813
List the prime factors of 100016917.
7, 11, 13, 41, 2437
List the prime factors of 106160369.
7, 15165767
What are the prime factors of 3655582?
2, 7, 31, 8423
List the prime factors of 24890906.
2, 359, 34667
What are the prime factors of 2785471191?
3, 79, 3917681
List the prime factors of 413314379.
413314379
List the prime factors of 47581965.
3, 5, 352459
List the prime factors of 1268508984.
2, 3, 1951, 27091
What are the prime factors of 1239431742?
2, 3, 43, 937, 1709
List the prime factors of 326281572.
2, 3, 31, 292367
List the prime factors of 66810040.
2, 5, 11, 151841
List the prime factors of 5754256.
2, 359641
What are the prime factors of 82176576?
2, 3, 428003
List the prime factors of 142102873.
11, 12918443
What are the prime factors of 240467656?
2, 11, 13, 97, 197
List the prime factors of 3124494204.
2, 3, 13, 20028809
What are the prime factors of 429037514?
2, 214518757
List the prime factors of 3125710791.
3, 7, 59, 840923
What are the prime factors of 3282470097?
3, 67, 1033, 15809
What are the prime factors of 565438980?
2, 3, 5, 53, 177811
List the prime factors of 16437113.
7, 11, 17, 29, 433
List the prime factors of 263534662.
2, 131767331
What are the prime factors of 157015936?
2, 7, 11, 89, 179
What are the prime factors of 387484769?
7, 131, 422557
What are the prime factors of 36527470?
2, 5, 7, 83, 6287
What are the prime factors of 4780472485?
5, 19, 50320763
What are the prime factors of 1060321287?
3, 29, 617, 19753
List the prime factors of 157733194.
2, 53, 107, 13907
List the prime factors of 761297949.
3, 84588661
What are the prime factors of 18651766?
2, 7, 43, 30983
List the prime factors of 255120443.
255120443
What are the prime factors of 18640811?
7, 47, 56659
List the prime factors of 346238728.
2, 11, 17, 231443
List the prime factors of 37593405.
3, 5, 113, 7393
What are the prime factors of 727993007?
7, 41, 2536561
What are the prime factors of 3730903977?
3, 643, 1934113
List the prime factors of 1647682292.
2, 5927, 69499
List the prime factors of 129913624.
2, 16239203
What are the prime factors of 34534892?
2, 7, 107, 11527
What are the prime factors of 147659214?
2, 3, 1019, 24151
What are the prime factors of 2908949455?
5, 79, 7364429
What are the prime factors of 359038293?
3, 521, 229711
List the prime factors of 56925154.
2, 11, 13, 199039
List the prime factors of 14513502.
2, 3, 241, 10037
List the prime factors of 19637313.
3, 6545771
What are the prime factors of 712977185?
5, 19, 7505023
What are the prime factors of 143564385?
3, 5, 9570959
What are the prime factors of 578065156?
2, 163, 167, 5309
What are the prime factors of 7077162?
2, 3, 1179527
What are the prime factors of 62617145?
5, 12523429
What are the prime factors of 2136085608?
2, 3, 859, 103613
List the prime factors of 2290370683.
24593, 93131
What are the prime factors of 100085973?
3, 13, 2566307
List the prime factors of 37431767.
19, 353, 5581
List the prime factors of 2238719327.
13, 19, 283, 32027
What are the prime factors of 714380728?
2, 131, 607, 1123
List the prime factors of 55296317.
61, 906497
List the prime factors of 260589849.
3, 13, 6681791
List the prime factors of 64149251.
64149251
What are the prime factors of 83074319?
83074319
What are the prime factors of 18479652?
2, 3, 1539971
List the prime factors of 3849920216.
2, 481240027
What are the prime factors of 699789375?
3, 5, 23, 601
List the prime factors of 186769208.
2, 17, 727, 1889
What are the prime factors of 150614973?
3, 2237, 7481
What are the prime factors of 73846899?
3, 7, 167, 7019
List the prime factors of 306357748.
2, 17, 19, 31, 7649
List the prime factors of 258289879.
151, 1710529
What are the prime factors of 49900651?
131, 313, 1217
List the prime factors of 1451670024.
2, 3, 7, 23, 43, 8737
List the prime factors of 91800394.
2, 7, 41, 159931
List the prime factors of 77302036.
2, 7, 59, 73, 641
List the prime factors of 3772058495.
5, 53, 241, 59063
What are the prime factors of 1275428551?
107, 593, 20101
What are the prime factors of 484931132?
2, 7, 53, 326773
What are the prime factors of 43952376?
2, 3, 13, 179, 787
What are the prime factors of 123393200?
2, 5, 7, 127, 347
List the prime factors of 1229097119.
1451, 847069
What are the prime factors of 240523890?
2, 3, 5, 113, 70951
What are the prime factors of 106721470?
2, 5, 10672147
List the prime factors of 210023578.
2, 227, 462607
List the prime factors of 205801.
131, 1571
List the prime factors of 291083654.
2, 197, 738791
What are the prime factors of 77019373?
5743, 13411
List the prime factors of 7566459.
3, 151, 16703
What are the prime factors of 394762680?
2, 3, 5, 13, 31, 907
List the prime factors of 47151868.
2, 31, 73, 5209
What are the prime factors of 1197524145?
3, 5, 79834943
List the prime factors of 134177078.
2, 7, 23, 71, 5869
What are the prime factors of 1729114258?
2, 307, 2816147
What are the prime factors of 100102817?
17, 101, 173, 337
What are the prime factors of 76477369?
23, 157, 21179
What are the prime factors of 706363988?
2, 11, 19, 197, 4289
What are the prime factors of 664308392?
2, 11, 686269
What are the prime factors of 11351338?
2, 71, 79939
What are the prime factors of 151869266?
2, 75934633
List the prime factors of 105356138.
2, 79, 666811
What are the prime factors of 400936501?
7, 149, 384407
List the prime factors of 394442384.
2, 7, 1301, 2707
What are the prime factors of 366275525?
5, 7, 11, 149, 1277
What are the prime factors of 7950720396?
2, 3, 83, 7982651
List the prime factors of 1936051203.
3, 645350401
List the prime factors of 38894228.
2, 79, 123083
What are the prime factors of 56125153?
7, 8017879
What are the prime factors of 93864906?
2, 3, 131, 4423
What are the prime factors of 10700919?
3, 1188991
List the prime factors of 25623620.
2, 5, 11, 116471
List the prime factors of 1220621284.
2, 17, 181, 99173
List the prime factors of 32917809.
3, 10972603
List the prime factors of 280544124.
2, 3, 7, 61, 54751
List the prime factors of 443787929.
13, 1307, 26119
What are the prime factors of 81676871?
37, 2207483
What are the prime factors of 220606759?
6481, 34039
What are the prime factors of 52858894?
2, 11, 2402677
What are the prime factors of 392437920?
2, 3, 5, 7, 116797
What are the prime factors of 1028099?
1028099
What are the prime factors of 32417965?
5, 6483593
List the prime factors of 581349201.
3, 103, 1881389
What are the prime factors of 544717329?
3, 13, 149, 93739
List the prime factors of 36237929.
7, 13, 398219
List the prime factors of 188200391.
233, 739, 1093
What are the prime factors of 2780962377?
3, 926987459
List the prime factors of 9202737.
3, 23, 41, 3253
What are the prime factors of 672162768?
2, 3, 4667797
What are the prime factors of 6491263392?
2, 3, 2591, 8699
What are the prime factors of 88963562?
2, 2281, 19501
List the prime factors of 1123338530.
2, 5, 112333853
What are the prime factors of 690083114?
2, 7, 49291651
List the prime factors of 255787920.
2, 3, 5, 355261
What are the prime factors of 2173220922?
2, 3, 13711, 26417
What are the prime factors of 314685696?
2, 3, 13, 43, 733
List the prime factors of 3494812384.
2, 7, 15601841
List the prime factors of 467068548.
2, 3, 29, 829, 1619
List the prime factors of 144628526.
2, 7, 10330609
List the prime factors of 31007726.
